 number?
False
Is 71705711087 a composite number?
True
Is 30809530211 prime?
True
Is 5396115259 prime?
False
Is 2005355477 a prime number?
True
Is 3578202739 a composite number?
False
Is 23886485717 composite?
True
Is 38814776191 prime?
True
Is 184860983 a composite number?
True
Is 80582071919 prime?
True
Is 65413871 a composite number?
True
Is 18940017311 a prime number?
False
Is 3706511267 composite?
False
Is 2323631 a prime number?
True
Is 14200171099 composite?
False
Is 27970462057 a prime number?
True
Is 5726686939 prime?
False
Is 490909669 prime?
False
Is 658742317 a prime number?
True
Is 1150910869 a composite number?
True
Is 1903550414 a prime number?
False
Is 49360303777 a composite number?
True
Is 36869347 prime?
False
Is 16976393257 a prime number?
False
Is 11971514897 prime?
True
Is 5798328839 composite?
True
Is 693331073 prime?
True
Is 11612739 prime?
False
Is 41194631 a prime number?
True
Is 3147115889 a composite number?
True
Is 19325203189 a composite number?
False
Is 4834795783 a prime number?
True
Is 71335954189 prime?
True
Is 4141015007 composite?
False
Is 3823906649 a prime number?
False
Is 670076689 composite?
False
Is 23367974519 composite?
False
Is 5867354011 composite?
False
Is 270880583 prime?
True
Is 20562892681 a prime number?
False
Is 97654072231 a prime number?
True
Is 462814039 a prime number?
False
Is 69297163 a composite number?
True
Is 10898278355 composite?
True
Is 294312749 composite?
False
Is 10992478879 prime?
False
Is 69612299 composite?
True
Is 18266139959 composite?
True
Is 28133127493 a composite number?
True
Is 266262125417 a composite number?
False
Is 9552077 a prime number?
True
Is 4397764409 prime?
True
Is 7326236267 prime?
False
Is 701812511 a prime number?
True
Is 8702278441 composite?
True
Is 5373286313 a composite number?
False
Is 651270161 a prime number?
True
Is 5692147847 a composite number?
True
Is 1701370007 prime?
False
Is 118026493579 a prime number?
True
Is 485868337 prime?
True
Is 78447773221 a prime number?
False
Is 11210373619 prime?
False
Is 637266853 a prime number?
False
Is 2416243997 a prime number?
True
Is 11632920983 a composite number?
False
Is 2388547891 a prime number?
True
Is 10316322083 prime?
True
Is 6667760698 a composite number?
True
Is 1774001267 prime?
True
Is 26741946019 composite?
False
Is 812975717 prime?
False
Is 29721133613 prime?
True
Is 16409471237 a prime number?
True
Is 5369191319 composite?
True
Is 35643937 a prime number?
False
Is 290865943 a composite number?
False
Is 4227926233 a prime number?
True
Is 14492208719 composite?
False
Is 9931605511 a composite number?
False
Is 13057275181 prime?
True
Is 5261082389 a prime number?
True
Is 479332346999 prime?
False
Is 33798627971 composite?
False
Is 28002608666 a composite number?
True
Is 38824451 prime?
False
Is 1959979961 prime?
False
Is 99462439 prime?
False
Is 595672559 composite?
True
Is 7881524143 a prime number?
True
Is 3963962231 prime?
True
Is 21948598649 composite?
True
Is 5009752393 composite?
False
Is 60698563 prime?
True
Is 1300669369 a prime number?
False
Is 126783929 composite?
False
Is 128641942417 a prime number?
True
Is 50143768723 a prime number?
False
Is 55684501 composite?
False
Is 97626442 a composite number?
True
Is 1316607783 a prime number?
False
Is 88432691 a prime number?
False
Is 26235106781 a composite number?
True
Is 50228145079 prime?
False
Is 178692043 a composite number?
False
Is 6225508246 composite?
True
Is 3385286113 prime?
False
Is 2974727407 a composite number?
True
Is 4750483165 a prime number?
False
Is 30403612093 a composite number?
True
Is 10287823555 prime?
False
Is 1685302699 prime?
False
Is 3322155355 a composite number?
True
Is 2121467293 a prime number?
False
Is 811873939 a composite number?
False
Is 81826714199 a prime number?
False
Is 335610763 a composite number?
True
Is 48132724099 a prime number?
True
Is 562271327 prime?
False
Is 1546692941 a composite number?
True
Is 2545424234 a prime number?
False
Is 5298761599 prime?
False
Is 15807890881 prime?
True
Is 227369171 prime?
True
Is 2510358307 a prime number?
True
Is 436451531 composite?
False
Is 1061645993 prime?
False
Is 761641981 a prime number?
False
Is 235593593 a prime number?
False
Is 47699398 a composite number?
True
Is 1374228215 a composite number?
True
Is 222872156413 a prime number?
True
Is 86659972093 composite?
False
Is 14897985493 a composite number?
True
Is 1060551619 a prime number?
False
Is 227522280553 a composite number?
True
Is 30811298579 a prime number?
False
Is 1007603731 composite?
False
Is 1024692077 prime?
True
Is 356866319 a prime number?
True
Is 664153423 composite?
True
Is 12410626597 composite?
False
Is 5957549357 composite?
False
Is 5725544051 prime?
False
Is 77757385507 composite?
True
Is 29768734571 a composite number?
True
Is 91355489621 a prime number?
False
Is 3781476467 a composite number?
False
Is 47479567417 a prime number?
True
Is 21391821551 a composite number?
True
Is 31146290093 prime?
True
Is 3875675071 a prime number?
True
Is 8315562146 composite?
True
Is 6054589547 a composite number?
False
Is 3815530403 composite?
False
Is 734060461 a prime number?
False
Is 2200576291 a composite number?
False
Is 4191323819 a composite number?
False
Is 10655085641 prime?
True
Is 37074513565 composite?
True
Is 6673884761 prime?
False
Is 1313092058 prime?
False
Is 35044930691 composite?
False
Is 7425625367 a composite number?
True
Is 291121531 prime?
False
Is 7281459065 composite?
True
Is 635596427 composite?
False
Is 2644258847 a prime number?
False
Is 7088878019 composite?
True
Is 592637767 a composite number?
False
Is 2107583029 a prime number?
False
Is 31132096937 a composite number?
False
Is 29648670235 a composite number?
True
Is 2013075931 a prime number?
True
Is 13671597749 prime?
False
Is 4707215879 prime?
True
Is 71265556337 prime?
False
Is 564314411 prime?
False
Is 429088031 a prime number?
False
Is 79738579405 a composite number?
True
Is 179305473 composite?
True
Is 1726610273 prime?
True
Is 100825432909 a composite number?
False
Is 2305899521 a prime number?
True
Is 542430569 composite?
False
Is 18881882251 a composite number?
True
Is 9257258407 a composite number?
True
Is 156517309 a prime number?
False
Is 67166271461 composite?
True
Is 62276994097 a composite number?
False
Is 221996857 prime?
False
Is 43483157 a composite number?
True
Is 113927803333 composite?
False
Is 611260271 prime?
False
Is 31727243447 composite?
False
Is 1122195299 composite?
True
Is 438089290735 a prime number?
False
Is 3950851523 prime?
False
Is 4510233341 prime?
True
Is 12259865543 composite?
True
Is 6090578147 a prime number?
False
Is 599364049 composite?
True
Is 1274768129 a prime number?
True
Is 217787111 composite?
False
Is 18995362473 composite?
True
Is 2910475991 a composite number?
False
Is 21122482649 a prime number?
True
Is 788842673 composite?
False
Is 911143957 composite?
False
Is 2768128523 composite?
False
Is 897419431 a prime number?
True
Is 12561859763 prime?
True
Is 1450822039 prime?
True
Is 766796423 a composite number?
False
Is 27487393519 a composite number?
False
Is 3118777243 a composite number?
False
Is 2368705417 composite?
True
Is 123022327 a composite number?
False
Is 10461164033 prime?
False
Is 1289435395 prime?
False
Is 6408554861 composite?
False
Is 3280904369 composite?
False
Is 19759103489 prime?
False
Is 51395726587 composite?
True
Is 91998312767 prime?
False
Is 19253419153 a composite number?
False
Is 1677630181 composite?
False
Is 195783385297 a composite number?
False
Is 60722869 prime?
False
Is 109296036271 composite?
True
Is 14263979413 a composite number?
False
Is 42366422827 a prime number?
True
Is 3717665045 a composite number?
True
Is 1056905191 composite?
True
Is 7663188383 a prime number?
False
Is 2287563491 prime?
True
Is 92407048423 prime?
True
Is 21197732461 a prime number?
False
Is 2812503203 a prime number?
True
Is 3137977 a prime number?
True
Is 414414773 prime?
False
Is 2973795587 prime?
False
Is 1838105953 a prime number?
True
Is 3759028891 prime?
False
Is 1750978837 composite?
False
Is 2402353829 composite?
False
Is 22188631537 composite?
True
Is 7137852763 a composite number?
False
Is 618684029 a composite number?
True
Is 1708145557 a comp